mposite number?
False
Let y(v) = v**2 + 5*v + 5. Suppose h + 18 = 3*l, 3*h - 2*l - 3*l = -38. Is y(h) prime?
True
Let g be (-14)/(-6) + 4/6. Suppose g*i = 0, z - 2*i + 8 = 3*z. Is z/(-8) + 79/2 a composite number?
True
Suppose 0 = 4*t + 8, 6*t + 38 = -4*x + t. Is -1*(x - 2 - 2) prime?
True
Let l = -286 - -667. Is l a prime number?
False
Let i be 2/(-2) + 0 + 1. Let q = -36 + 39. Suppose i = o - 4 - q. Is o composite?
False
Suppose 0*v + 4*v = -1044. Let p = 367 + v. Is (p/(-8))/(3/(-12)) a prime number?
True
Is (594 - -4) + (-2)/2 a prime number?
False
Let k = -18 + 60. Is 1 + 1*-4 + k prime?
False
Let j be (3/2)/((-4)/(-48)). Suppose 19 = p - 3*h - j, -5*p - h + 185 = 0. Is p prime?
True
Suppose 6 = -3*u + 5*c - 2*c, 0 = -4*u + 3*c - 4. Suppose -u*b + 514 = 12. Is b a prime number?
True
Let a(m) = m + 1. Let y be a(4). Suppose -3 = -p - 4*q, 0*p + y*p - 3*q - 130 = 0. Is p prime?
True
Let r(u) be the third derivative of u**5/20 + u**4/12 - u**3/3 - 2*u**2. Let q(x) be the first derivative of r(x). Is q(2) a prime number?
False
Let p = 230 + 19. Let l = p - 27. Suppose -2*o + l = o. Is o composite?
True
Is (70/(-15) + 4)/(2/(-1011)) a prime number?
True
Is 706/12 + 2/12 a prime number?
True
Let i(f) = f + 12. Let g(b) = -b**2 - b - 1. Let w(z) = -z**3 + 6*z**2 - z + 1. Let p be w(6). Let r(l) = p*g(l) - i(l). Is r(-6) prime?
True
Let n(q) = q**3 - 9*q**2 + 8*q - 3. Let a be n(8). Let j = a + 9. Is j composite?
True
Let z(s) = 2*s - 3. Let i be z(0). Is (-1)/i*(29 + 10) composite?
False
Let n = 4 + 27. Let g = n - 21. Is g a composite number?
True
Suppose -5*z + 161 = 4*c, 3*c - 5*z + 59 = 4*c. Suppose -2*j = -4*o - 28 - c, -4*j - 2*o + 124 = 0. Suppose -106 = -5*a - j. Is a composite?
True
Suppose -4 = -5*w + 11. Suppose -w*o + 4*b = -0*o - 305, 4*b = 4*o - 408. Is o prime?
True
Let k(c) = 19*c - 2. Let n = -3 - -6. Let y be k(n). Let m = -32 + y. Is m a prime number?
True
Let m = -721 - -1294. Is m a prime number?
False
Let u = -2 + 4. Suppose u*r + 15 = 85. Is r a composite number?
True
Let k = -31 + 62. Is k a composite number?
False
Let r(c) = -33*c - 4. Let v = 8 - 4. Let d be r(v). Let f = d + 223. Is f composite?
True
Let x = -9 - -2. Let i(h) = h**2 + 2*h + 10. Let q be i(x). Is (2/3)/(2/q) a composite number?
True
Let j(q) = -25*q. Let u be j(-1). Suppose -2*a - u = -f + 2*a, -f + 5*a = -22. Suppose -i - f = -3*c, 0 = i + 1 - 3. Is c a prime number?
True
Suppose 0 = w - 2*c - 1, -8 = -5*w - 2*c + 9. Suppose -2*s = -w*s + 305. Is s a composite number?
True
Suppose 61 = -4*h - 5*y, -2*h + 5*y - 20 = 3*h. Let v = h - -13. Suppose -v*m = -24 - 124. Is m prime?
True
Is 1 + (2 + 144 - 2) a prime number?
False
Let o = -6 + 9. Suppose -82 = -o*s - 2*a, -a + 32 = s + 2*a. Is s a prime number?
False
Let p(n) = -39*n + 9. Let u(y) = 39*y - 10. Let s(v) = 6*p(v) + 5*u(v). Is s(-5) composite?
False
Let n(a) = a**3 + 13*a**2 + 9*a - 13. Is n(-12) a prime number?
True
Let a(h) = 35*h**2 - h + 1. Is a(4) composite?
False
Let w(g) = 1 + 0 + 2*g + 3*g + 23*g. Is w(4) a composite number?
False
Suppose -8*u + 13596 = 4772. Is u a composite number?
False
Let h(j) = -j**3 - 13*j**2 - 13*j - 3. Let w be h(-12). Let s = 18 - w. Is s composite?
True
Let u(f) = 103*f - 31. Is u(6) a composite number?
False
Let c be (-4)/2*(-187)/2. Suppose 0 = -j - 0*j + c. Is j prime?
False
Let v(z) = -329*z. Let b = 12 + -13. Is v(b) a composite number?
True
Let o(r) = 5*r + 1. Let x be o(5). Is (-23 - 3)*x/(-4) composite?
True
Let k(q) be the third derivative of 3*q**5/20 + q**4/24 + q**3/6 - q**2. Let a(c) = -3*c**2 - 2*c - 1. Let r be a(-1). Is k(r) composite?
True
Let w = 59 + 201. Let f be w - (-2 + 0 - -2). Suppose -2*t + 10 = 0, 2*g - 3*t + f = 7*g. Is g composite?
True
Let d(b) = b - 3. Let h be d(0). Is 3*1424/12 - h a prime number?
True
Let o = 135 + -41. Is o composite?
True
Let q(c) = c**2 - c + 1. Let l be q(1). Let u be (2 - -1)*(-8)/12. Is (l*u + -5)*-3 a prime number?
False
Is 2/2*(-171)/(-9) composite?
False
Let v(o) = -o**2 + 5*o + 6. Let x be v(6). Suppose 2*m - 3*z - 169 = x, 5*m - z - 494 = -78. Is m a composite number?
False
Let r be (0 + 1)/((-6)/(-12)). Suppose r = u - 0. Is u/(1/(13/2)) a composite number?
False
Let l(v) = -5*v + 4. Let g(d) be the second derivative of d**3 + 3*d**2/2 - 2*d. Let w be g(-2). Is l(w) composite?
True
Let d(i) = 112*i**2 + 1. Is d(1) prime?
True
Let u(j) = 56*j + 9. Is u(1) prime?
False
Let g(h) = h**2 - 4*h - 10. Let v be g(7). Suppose -4*i - v = -5*n + 15, -2*n + i = -11. Let f = -3 + n. Is f composite?
False
Let b(y) = 29*y + 85. Is b(21) prime?
False
Let d be 52 - (1 - (-1 + 3)). Suppose 0*j = j - d. Is j prime?
True
Let o be ((1 + -1)/(-2))/1. Suppose o*k + 206 = 2*k. Let z = -57 + k. Is z a composite number?
True
Suppose 5*f - 12 = f. Let d(h) = -h**2 + 5. Let i be d(0). Suppose i*c - 4*c = g - 11, -f*c = 5*g - 87. Is g composite?
True
Let u(y) = 2*y**3 + 7*y**2 - 4*y - 1. Is u(4) composite?
False
Let w(z) = 15*z**3 - z**2 + 1. Let d(a) = a**2 + a + 1. Let j be d(-1). Let o be w(j). Let s = 26 - o. Is s prime?
True
Let i(o) = -o**3 - 4*o**2 + 5*o + 13. Is i(-9) a prime number?
True
Suppose -n = -7*n + 10038. Is n prime?
False
Let s = 950 + -241. Is s prime?
True
Suppose -3*u = 4*u - 6846. Let b = u - 509. Is b prime?
False
Suppose -2*x = 549 - 31. Let d = x + 140. Let a = d - -342. Is a a prime number?
True
Let w = 8 - 19. Let v be 2*(1*-10)/(-1). Let z = v - w. Is z a prime number?
True
Let o = 302 + -175. Is o a composite number?
False
Suppose 5*x + 180 = -30. Is 2/(-7) - 8034/x a composite number?
False
Let k = -312 + 635. Is k a prime number?
False
Suppose -2*m + 12 = 2*m. Suppose 3*s + z - 288 = 0, m*z - 633 = -4*s - 254. Is s a prime number?
True
Is (-1)/5 + (-48752)/(-110) prime?
True
Suppose -c = -5*c - 8. Let o be (c - 3)/(1/(-6)). Suppose j - o = -9. Is j a composite number?
True
Let w(b) = 20*b**3 - 2*b**2 + 1. Is w(1) a prime number?
True
Suppose -2*a - 658 = -l, 0*a - a = -3*l + 1984. Suppose 0 = 5*i - 3*i - l. Is i prime?
True
Let f(l) = -6*l**2 - 4*l - 6. Let k be f(8). Let s = -295 - k. Is s a composite number?
False
Let a(h) be the second derivative of 19*h**4/12 - h**3/6 - h**2/2 + 5*h. Is a(-1) a prime number?
True
Let l(k) = -13*k + 5. Let r(j) = j - 4. Let f be r(0). Let w be l(f). Let x = w + -26. Is x composite?
False
Let v(y) = -11*y + 2. Let z be v(-8). Let i be (-6)/3 + 2*2. Suppose -5*a + 0*a = -5*u + z, 0 = -i*u + a + 39. Is u prime?
False
Let t(l) = 45*l - 8. Suppose -j = -9*p + 4*p - 22, 4*p + 26 = 2*j. Is t(j) composite?
False
Let s be (4 + (2 - 0))/2. Suppose -s*o + 696 = -63. Is o composite?
True
Is ((-6)/(-18))/((-1)/(-993)) a prime number?
True
Let k be (-1)/4 + 105/(-12). Let y be (-24)/k*3/2. Is y + 0 + -2 + 11 composite?
False
Suppose 0 = -6*g + 7*g - 978. Suppose 0 = -3*b - 5*v + g, -b + v + 337 = -v. Is b a prime number?
True
Let v = 18 + -9. Suppose 7*f - v = 4*f. Suppose -f*i + 12 = -33. Is i a composite number?
True
Is -5 + 84*(-4 - -5) a prime number?
True
Let r(l) = -47*l + 3. Is r(-2) a prime number?
True
Suppose 18*v - 9332 = 14*v. Is v a composite number?
False
Let j(t) be the third derivative of t**5/15 - t**4/12 - 5*t**3/6 - 3*t**2. Let q = 15 - 9. Is j(q) prime?
True
Let t be 22/(-5) + 2/5. Let n be (t + 7)*(2 - 1). Suppose -2*g - g + 5*w + 34 = 0, 0 = 2*g - n*w - 21. Is g prime?
True
Let n be (5 + 2)*96/(-14). Is 1 - ((-6)/3 + n) a composite number?
True
Let a be -1 - ((-105)/3 + 2). Let h = 83 - a. Is h a composite number?
True
Let w = -716 + 1165. Is w a prime number?
True
Let c(i) = i**3 + 3*i**2 - 3*i - 2. Let v be c(-4). Is (-993)/(-12)*(-2 - v) composite?
False
Suppose 0 = -c - 5*o + 30, -3*c - c + 137 = 3*o. Is c composite?
True
Suppose -4*a + 145 - 61 = 0. Let c = a - -2. Is c composite?
False
Let u = -14 + 98. Let d = 29 - 54. Let c = u + d. Is c a prime number?
True
Let q be (-3 - (-2 + 3))*-1. Let v be 1*((2 - 1) + 130). Suppose -q*t = -v - 249. Is t composite?
True
Let s(r) = -r**3 - 5*r**2 + 6*r + 4. Let a be s(-6). Is (38/(-4))/((-2)/a) prime?
True
Let f be (-3 + 4 - -1)*3. Suppose -2*v = -5*v - f, -2*r = 5*v - 388. Is r a composite number?
False
Let m(y) = -y**3 - 2*y**2 - 2*y - 1. Let l be m(-2). Suppose 0 = l*r - 3*c - 228, -3*c + 246 + 44 = 